{"id":38,"date":"2021-02-11T19:24:58","date_gmt":"2021-02-11T18:24:58","guid":{"rendered":"http:\/\/tartak-mrocza.pl\/?page_id=38"},"modified":"2023-03-15T23:14:24","modified_gmt":"2023-03-15T22:14:24","slug":"nauka-zawodu","status":"publish","type":"page","link":"https:\/\/tartak-mrocza.pl\/?page_id=38","title":{"rendered":"Nauka zawodu"},"content":{"rendered":"\n<h2 class=\"wp-block-heading\">Nauka zawodu<\/h2>\n\n\n\n<p>Posiadam tytu\u0142y zawodowe&nbsp;TECHNIKA TECHNOLOGII DREWNA O SPECJALNO\u015aCI MEBLARSTWO i MISTRZA STOLARSKIEGO oraz kwalifikacje pedagogiczne.<\/p>\n\n\n\n<p>W ramach dzia\u0142alno\u015bci prowadz\u0119 praktyczn\u0105 nauk\u0119&nbsp;ZAWODU STOLARZA.<\/p>\n\n\n\n<p>Absolwenci szko\u0142y podstawowej (poni\u017cej 18 roku \u017cycia w momencie rozpocz\u0119cia nauki) zdobywaj\u0105 ten atrakcyjny zaw\u00f3d podczas 36 miesi\u0119cy nauki praktycznej, dokszta\u0142caj\u0105c si\u0119 w bran\u017cowej szkole pierwszego stopnia  (Bydgoszcz, S\u0119p\u00f3lno, Wi\u0119cbork, Lubaszcz, &#8211; do wyboru) lub w systemie kursowym (bez szko\u0142y, a ca\u0142e przygotowanie &#8211; r\u00f3wnie\u017c teoretyczne prowadz\u0119 w zak\u0142adzie).<\/p>\n\n\n\n<p>Po uko\u0144czeniu nauki zdaj\u0105 oni egzamin z przygotowania zawodowego w Izbie Rzemie\u015blniczej w Bydgoszczy i zdobywaj\u0105 tytu\u0142 czeladnika w zawodzie stolarz. Po uko\u0144czeniu szko\u0142y bran\u017cowej I stopnia i zdobyciu kwalifikacji zawodowych mog\u0105 pracowa\u0107 w zawodach pokrewnych takich jak: cie\u015bla, tartacznik, snycerz, szkutnik, bednarz, itp. <\/p>\n\n\n\n<p>Mog\u0105 te\u017c kontynuowa\u0107 nauk\u0119 w szkole bran\u017cowej II stopnia, zdoby\u0107 tytu\u0142 technika technologii drewna i zda\u0107 matur\u0119.<\/p>\n\n\n\n<p>Uczniowie otrzymuj\u0105 odzie\u017c ochronn\u0105 , robocz\u0105 i wynagrodzenie za prac\u0119 oraz wiele innych \u015bwiadcze\u0144 wynikaj\u0105cych z Kodeksu Pracy. S\u0105 ubezpieczeni w ZUS. Od tego czasu rozpoczynaj\u0105 swoj\u0105 karier\u0119 zawodow\u0105.<\/p>\n\n\n\n<p>Maj\u0105 mo\u017cliwo\u015b\u0107 wykonania dla siebie drobnych wyrob\u00f3w stolarskich (taborety, szafki, toczone talerze itp.). W trakcie nauki&nbsp; ka\u017cdy ucze\u0144 mo\u017ce&nbsp;za darmo&nbsp;wyjecha\u0107 na targi maszyn i komponent\u00f3w do drewna DREMA i FURNICA do Poznania.<\/p>\n\n\n\n<p>Kandydaci do nauki powinni zg\u0142asza\u0107 si\u0119&nbsp;do siedziby zak\u0142adu jak najwcze\u015bniej, gdy\u017c ilo\u015b\u0107 miejsc jest ograniczona (2 \u2013 3 osoby rocznie).<\/p>\n\n\n\n<figure class=\"wp-block-gallery has-nested-images columns-default is-cropped wp-block-gallery-1 is-layout-flex wp-block-gallery-is-layout-flex\">\n<figure class=\"wp-block-image size-large\"><img loading=\"lazy\" decoding=\"async\" width=\"1024\" height=\"768\" data-id=\"81\" src=\"https:\/\/tartak-mrocza.pl\/wp-content\/uploads\/2021\/02\/44051e1c-cfb3-8274-6aa0-f0140b3280f7-1024x768.jpg\" alt=\"\" class=\"wp-image-81\" srcset=\"https:\/\/tartak-mrocza.pl\/wp-content\/uploads\/2021\/02\/44051e1c-cfb3-8274-6aa0-f0140b3280f7-1024x768.jpg 1024w, https:\/\/tartak-mrocza.pl\/wp-content\/uploads\/2021\/02\/44051e1c-cfb3-8274-6aa0-f0140b3280f7-300x225.jpg 300w, https:\/\/tartak-mrocza.pl\/wp-content\/uploads\/2021\/02\/44051e1c-cfb3-8274-6aa0-f0140b3280f7-768x576.jpg 768w, https:\/\/tartak-mrocza.pl\/wp-content\/uploads\/2021\/02\/44051e1c-cfb3-8274-6aa0-f0140b3280f7-1536x1152.jpg 1536w, https:\/\/tartak-mrocza.pl\/wp-content\/uploads\/2021\/02\/44051e1c-cfb3-8274-6aa0-f0140b3280f7-2048x1536.jpg 2048w\" sizes=\"(max-width: 1024px) 100vw, 1024px\" \/><figcaption class=\"wp-element-caption\">SAMSUNG DIGITAL CAMERA<\/figcaption><\/figure>\n<figcaption class=\"blocks-gallery-caption wp-element-caption\">Jeszcze uczniowie, wkr\u00f3tce czeladnicy &#8211; absolwenci w roku 2015 ze swym mistrzem.<\/figcaption><\/figure>\n\n\n\n<p><\/p>\n\n\n\n<figure class=\"wp-block-image size-large\"><img loading=\"lazy\" decoding=\"async\" width=\"1024\" height=\"768\" src=\"http:\/\/tartak-mrocza.pl\/wp-content\/uploads\/2021\/02\/IMG_6841-1024x768.jpg\" alt=\"\" class=\"wp-image-268\" srcset=\"https:\/\/tartak-mrocza.pl\/wp-content\/uploads\/2021\/02\/IMG_6841-1024x768.jpg 1024w, https:\/\/tartak-mrocza.pl\/wp-content\/uploads\/2021\/02\/IMG_6841-300x225.jpg 300w, https:\/\/tartak-mrocza.pl\/wp-content\/uploads\/2021\/02\/IMG_6841-768x576.jpg 768w, https:\/\/tartak-mrocza.pl\/wp-content\/uploads\/2021\/02\/IMG_6841-1536x1152.jpg 1536w, https:\/\/tartak-mrocza.pl\/wp-content\/uploads\/2021\/02\/IMG_6841-2048x1536.jpg 2048w\" sizes=\"(max-width: 1024px) 100vw, 1024px\" \/><figcaption class=\"wp-element-caption\">Uczniowie w ramach nauki zawodu wykonali taborety.<\/figcaption><\/figure>\n\n\n\n<p><\/p>\n","protected":false},"excerpt":{"rendered":"<p>Nauka zawodu Posiadam tytu\u0142y zawodowe&nbsp;TECHNIKA TECHNOLOGII DREWNA O SPECJALNO\u015aCI MEBLARSTWO i MISTRZA STOLARSKIEGO oraz kwalifikacje pedagogiczne. W ramach dzia\u0142alno\u015bci prowadz\u0119 praktyczn\u0105 nauk\u0119&nbsp;ZAWODU STOLARZA. Absolwenci szko\u0142y podstawowej (poni\u017cej 18 roku \u017cycia w momencie rozpocz\u0119cia nauki) zdobywaj\u0105 ten atrakcyjny zaw\u00f3d podczas 36 miesi\u0119cy nauki praktycznej, dokszta\u0142caj\u0105c si\u0119 w bran\u017cowej szkole pierwszego stopnia [&hellip;]<\/p>\n","protected":false},"author":1,"featured_media":865,"parent":0,"menu_order":0,"comment_status":"closed","ping_status":"closed","template":"","meta":{"footnotes":""},"yoast_head":"<!-- This site is optimized with the Yoast SEO plugin v23.2 - https:\/\/yoast.com\/wordpress\/plugins\/seo\/ -->\n<title>Nauka zawodu - Tartak - Stolarnia<\/title>\n<meta name=\"robots\" content=\"index, follow, max-snippet:-1, max-image-preview:large, max-video-preview:-1\" \/>\n<link rel=\"canonical\" href=\"https:\/\/tartak-mrocza.pl\/?page_id=38\" \/>\n<meta property=\"og:locale\" content=\"en_US\" \/>\n<meta property=\"og:type\" content=\"article\" \/>\n<meta property=\"og:title\" content=\"Nauka zawodu - Tartak - Stolarnia\" \/>\n<meta property=\"og:description\" content=\"Nauka zawodu Posiadam tytu\u0142y zawodowe&nbsp;TECHNIKA TECHNOLOGII DREWNA O SPECJALNO\u015aCI MEBLARSTWO i MISTRZA STOLARSKIEGO oraz kwalifikacje pedagogiczne. W ramach dzia\u0142alno\u015bci prowadz\u0119 praktyczn\u0105 nauk\u0119&nbsp;ZAWODU STOLARZA. Absolwenci szko\u0142y podstawowej (poni\u017cej 18 roku \u017cycia w momencie rozpocz\u0119cia nauki) zdobywaj\u0105 ten atrakcyjny zaw\u00f3d podczas 36 miesi\u0119cy nauki praktycznej, dokszta\u0142caj\u0105c si\u0119 w bran\u017cowej szkole pierwszego stopnia [&hellip;]\" \/>\n<meta property=\"og:url\" content=\"https:\/\/tartak-mrocza.pl\/?page_id=38\" \/>\n<meta property=\"og:site_name\" content=\"Tartak - Stolarnia\" \/>\n<meta property=\"article:modified_time\" content=\"2023-03-15T22:14:24+00:00\" \/>\n<meta property=\"og:image\" content=\"https:\/\/tartak-mrocza.pl\/wp-content\/uploads\/2023\/03\/IMG_5163-scaled-e1678918455220.jpg\" \/>\n\t<meta property=\"og:image:width\" content=\"2560\" \/>\n\t<meta property=\"og:image:height\" content=\"1139\" \/>\n\t<meta property=\"og:image:type\" content=\"image\/jpeg\" \/>\n<meta name=\"twitter:card\" content=\"summary_large_image\" \/>\n<meta name=\"twitter:label1\" content=\"Est. reading time\" \/>\n\t<meta name=\"twitter:data1\" content=\"2 minutes\" \/>\n<script type=\"application\/ld+json\" class=\"yoast-schema-graph\">{\"@context\":\"https:\/\/schema.org\",\"@graph\":[{\"@type\":\"WebPage\",\"@id\":\"https:\/\/tartak-mrocza.pl\/?page_id=38\",\"url\":\"https:\/\/tartak-mrocza.pl\/?page_id=38\",\"name\":\"Nauka zawodu - Tartak - Stolarnia\",\"isPartOf\":{\"@id\":\"https:\/\/tartak-mrocza.pl\/#website\"},\"primaryImageOfPage\":{\"@id\":\"https:\/\/tartak-mrocza.pl\/?page_id=38#primaryimage\"},\"image\":{\"@id\":\"https:\/\/tartak-mrocza.pl\/?page_id=38#primaryimage\"},\"thumbnailUrl\":\"https:\/\/tartak-mrocza.pl\/wp-content\/uploads\/2023\/03\/IMG_5163-scaled-e1678918455220.jpg\",\"datePublished\":\"2021-02-11T18:24:58+00:00\",\"dateModified\":\"2023-03-15T22:14:24+00:00\",\"breadcrumb\":{\"@id\":\"https:\/\/tartak-mrocza.pl\/?page_id=38#breadcrumb\"},\"inLanguage\":\"en-US\",\"potentialAction\":[{\"@type\":\"ReadAction\",\"target\":[\"https:\/\/tartak-mrocza.pl\/?page_id=38\"]}]},{\"@type\":\"ImageObject\",\"inLanguage\":\"en-US\",\"@id\":\"https:\/\/tartak-mrocza.pl\/?page_id=38#primaryimage\",\"url\":\"https:\/\/tartak-mrocza.pl\/wp-content\/uploads\/2023\/03\/IMG_5163-scaled-e1678918455220.jpg\",\"contentUrl\":\"https:\/\/tartak-mrocza.pl\/wp-content\/uploads\/2023\/03\/IMG_5163-scaled-e1678918455220.jpg\",\"width\":2560,\"height\":1139},{\"@type\":\"BreadcrumbList\",\"@id\":\"https:\/\/tartak-mrocza.pl\/?page_id=38#breadcrumb\",\"itemListElement\":[{\"@type\":\"ListItem\",\"position\":1,\"name\":\"Strona g\u0142\u00f3wna\",\"item\":\"https:\/\/tartak-mrocza.pl\/\"},{\"@type\":\"ListItem\",\"position\":2,\"name\":\"Nauka zawodu\"}]},{\"@type\":\"WebSite\",\"@id\":\"https:\/\/tartak-mrocza.pl\/#website\",\"url\":\"https:\/\/tartak-mrocza.pl\/\",\"name\":\"Tartak-Stolarnia Tomczak\",\"description\":\"Stolarstwo i us\u0142ugi budowlane dla klient\u00f3w indywidualnych z gwarancj\u0105 wykonania pracy oraz czytelnymi i dok\u0142adnymi wycenami.\",\"publisher\":{\"@id\":\"https:\/\/tartak-mrocza.pl\/#organization\"},\"potentialAction\":[{\"@type\":\"SearchAction\",\"target\":{\"@type\":\"EntryPoint\",\"urlTemplate\":\"https:\/\/tartak-mrocza.pl\/?s={search_term_string}\"},\"query-input\":\"required name=search_term_string\"}],\"inLanguage\":\"en-US\"},{\"@type\":\"Organization\",\"@id\":\"https:\/\/tartak-mrocza.pl\/#organization\",\"name\":\"Tartak-Stolarnia Tomczak\",\"url\":\"https:\/\/tartak-mrocza.pl\/\",\"logo\":{\"@type\":\"ImageObject\",\"inLanguage\":\"en-US\",\"@id\":\"https:\/\/tartak-mrocza.pl\/#\/schema\/logo\/image\/\",\"url\":\"https:\/\/tartak-mrocza.pl\/wp-content\/uploads\/2021\/02\/Panorama-listewki-scaled.jpg\",\"contentUrl\":\"https:\/\/tartak-mrocza.pl\/wp-content\/uploads\/2021\/02\/Panorama-listewki-scaled.jpg\",\"width\":2560,\"height\":1497,\"caption\":\"Tartak-Stolarnia Tomczak\"},\"image\":{\"@id\":\"https:\/\/tartak-mrocza.pl\/#\/schema\/logo\/image\/\"}}]}<\/script>\n<!-- \/ Yoast SEO plugin. -->","yoast_head_json":{"title":"Nauka zawodu - Tartak - Stolarnia","robots":{"index":"index","follow":"follow","max-snippet":"max-snippet:-1","max-image-preview":"max-image-preview:large","max-video-preview":"max-video-preview:-1"},"canonical":"https:\/\/tartak-mrocza.pl\/?page_id=38","og_locale":"en_US","og_type":"article","og_title":"Nauka zawodu - Tartak - Stolarnia","og_description":"Nauka zawodu Posiadam tytu\u0142y zawodowe&nbsp;TECHNIKA TECHNOLOGII DREWNA O SPECJALNO\u015aCI MEBLARSTWO i MISTRZA STOLARSKIEGO oraz kwalifikacje pedagogiczne. W ramach dzia\u0142alno\u015bci prowadz\u0119 praktyczn\u0105 nauk\u0119&nbsp;ZAWODU STOLARZA. Absolwenci szko\u0142y podstawowej (poni\u017cej 18 roku \u017cycia w momencie rozpocz\u0119cia nauki) zdobywaj\u0105 ten atrakcyjny zaw\u00f3d podczas 36 miesi\u0119cy nauki praktycznej, dokszta\u0142caj\u0105c si\u0119 w bran\u017cowej szkole pierwszego stopnia [&hellip;]","og_url":"https:\/\/tartak-mrocza.pl\/?page_id=38","og_site_name":"Tartak - Stolarnia","article_modified_time":"2023-03-15T22:14:24+00:00","og_image":[{"width":2560,"height":1139,"url":"https:\/\/tartak-mrocza.pl\/wp-content\/uploads\/2023\/03\/IMG_5163-scaled-e1678918455220.jpg","type":"image\/jpeg"}],"twitter_card":"summary_large_image","twitter_misc":{"Est. reading time":"2 minutes"},"schema":{"@context":"https:\/\/schema.org","@graph":[{"@type":"WebPage","@id":"https:\/\/tartak-mrocza.pl\/?page_id=38","url":"https:\/\/tartak-mrocza.pl\/?page_id=38","name":"Nauka zawodu - Tartak - Stolarnia","isPartOf":{"@id":"https:\/\/tartak-mrocza.pl\/#website"},"primaryImageOfPage":{"@id":"https:\/\/tartak-mrocza.pl\/?page_id=38#primaryimage"},"image":{"@id":"https:\/\/tartak-mrocza.pl\/?page_id=38#primaryimage"},"thumbnailUrl":"https:\/\/tartak-mrocza.pl\/wp-content\/uploads\/2023\/03\/IMG_5163-scaled-e1678918455220.jpg","datePublished":"2021-02-11T18:24:58+00:00","dateModified":"2023-03-15T22:14:24+00:00","breadcrumb":{"@id":"https:\/\/tartak-mrocza.pl\/?page_id=38#breadcrumb"},"inLanguage":"en-US","potentialAction":[{"@type":"ReadAction","target":["https:\/\/tartak-mrocza.pl\/?page_id=38"]}]},{"@type":"ImageObject","inLanguage":"en-US","@id":"https:\/\/tartak-mrocza.pl\/?page_id=38#primaryimage","url":"https:\/\/tartak-mrocza.pl\/wp-content\/uploads\/2023\/03\/IMG_5163-scaled-e1678918455220.jpg","contentUrl":"https:\/\/tartak-mrocza.pl\/wp-content\/uploads\/2023\/03\/IMG_5163-scaled-e1678918455220.jpg","width":2560,"height":1139},{"@type":"BreadcrumbList","@id":"https:\/\/tartak-mrocza.pl\/?page_id=38#breadcrumb","itemListElement":[{"@type":"ListItem","position":1,"name":"Strona g\u0142\u00f3wna","item":"https:\/\/tartak-mrocza.pl\/"},{"@type":"ListItem","position":2,"name":"Nauka zawodu"}]},{"@type":"WebSite","@id":"https:\/\/tartak-mrocza.pl\/#website","url":"https:\/\/tartak-mrocza.pl\/","name":"Tartak-Stolarnia Tomczak","description":"Stolarstwo i us\u0142ugi budowlane dla klient\u00f3w indywidualnych z gwarancj\u0105 wykonania pracy oraz czytelnymi i dok\u0142adnymi wycenami.","publisher":{"@id":"https:\/\/tartak-mrocza.pl\/#organization"},"potentialAction":[{"@type":"SearchAction","target":{"@type":"EntryPoint","urlTemplate":"https:\/\/tartak-mrocza.pl\/?s={search_term_string}"},"query-input":"required name=search_term_string"}],"inLanguage":"en-US"},{"@type":"Organization","@id":"https:\/\/tartak-mrocza.pl\/#organization","name":"Tartak-Stolarnia Tomczak","url":"https:\/\/tartak-mrocza.pl\/","logo":{"@type":"ImageObject","inLanguage":"en-US","@id":"https:\/\/tartak-mrocza.pl\/#\/schema\/logo\/image\/","url":"https:\/\/tartak-mrocza.pl\/wp-content\/uploads\/2021\/02\/Panorama-listewki-scaled.jpg","contentUrl":"https:\/\/tartak-mrocza.pl\/wp-content\/uploads\/2021\/02\/Panorama-listewki-scaled.jpg","width":2560,"height":1497,"caption":"Tartak-Stolarnia Tomczak"},"image":{"@id":"https:\/\/tartak-mrocza.pl\/#\/schema\/logo\/image\/"}}]}},"_links":{"self":[{"href":"https:\/\/tartak-mrocza.pl\/index.php?rest_route=\/wp\/v2\/pages\/38"}],"collection":[{"href":"https:\/\/tartak-mrocza.pl\/index.php?rest_route=\/wp\/v2\/pages"}],"about":[{"href":"https:\/\/tartak-mrocza.pl\/index.php?rest_route=\/wp\/v2\/types\/page"}],"author":[{"embeddable":true,"href":"https:\/\/tartak-mrocza.pl\/index.php?rest_route=\/wp\/v2\/users\/1"}],"replies":[{"embeddable":true,"href":"https:\/\/tartak-mrocza.pl\/index.php?rest_route=%2Fwp%2Fv2%2Fcomments&post=38"}],"version-history":[{"count":11,"href":"https:\/\/tartak-mrocza.pl\/index.php?rest_route=\/wp\/v2\/pages\/38\/revisions"}],"predecessor-version":[{"id":863,"href":"https:\/\/tartak-mrocza.pl\/index.php?rest_route=\/wp\/v2\/pages\/38\/revisions\/863"}],"wp:featuredmedia":[{"embeddable":true,"href":"https:\/\/tartak-mrocza.pl\/index.php?rest_route=\/wp\/v2\/media\/865"}],"wp:attachment":[{"href":"https:\/\/tartak-mrocza.pl\/index.php?rest_route=%2Fwp%2Fv2%2Fmedia&parent=38"}],"curies":[{"name":"wp","href":"https:\/\/api.w.org\/{rel}","templated":true}]}}